 and 278?
278
What is the highest common factor of 56 and 168924?
28
Calculate the highest common divisor of 2025 and 1500.
75
What is the greatest common factor of 873470 and 130?
130
What is the greatest common factor of 2442 and 34521?
111
What is the highest common factor of 58 and 15109?
29
What is the greatest common divisor of 754 and 50692?
58
Calculate the highest common divisor of 77111 and 116.
29
What is the highest common divisor of 359 and 1?
1
Calculate the highest common divisor of 5439 and 2553.
111
What is the highest common divisor of 12015 and 60?
15
Calculate the highest common factor of 28 and 163996.
28
What is the greatest common factor of 6738741 and 27?
27
Calculate the greatest common factor of 57632 and 64.
32
What is the greatest common divisor of 46206 and 17214?
906
What is the highest common divisor of 2034 and 1044?
18
Calculate the highest common divisor of 2815370 and 340.
170
What is the greatest common divisor of 131924 and 129?
43
What is the greatest common factor of 310976 and 1356?
452
What is the highest common factor of 96 and 99744?
96
Calculate the greatest common factor of 76633 and 3152.
197
What is the highest common factor of 216153 and 9?
9
What is the greatest common factor of 15394 and 2150?
86
Calculate the highest common divisor of 188420 and 20.
20
Calculate the greatest common factor of 837370 and 370.
10
Calculate the greatest common factor of 2203 and 1.
1
What is the highest common factor of 48796 and 44?
44
What is the greatest common factor of 2193 and 40119?
129
Calculate the highest common factor of 90219 and 183.
183
What is the greatest common divisor of 1047049 and 617?
617
What is the highest common factor of 10 and 14?
2
What is the highest common divisor of 5171080 and 60?
20
What is the highest common divisor of 44 and 3792?
4
Calculate the highest common factor of 107352 and 5670.
378
What is the greatest common divisor of 2097 and 2977041?
699
Calculate the greatest common factor of 18846 and 432.
54
What is the highest common factor of 2060 and 1957?
103
Calculate the highest common factor of 130655 and 14.
7
Calculate the greatest common factor of 82 and 21689.
41
What is the greatest common divisor of 104730 and 405?
15
Calculate the highest common divisor of 7916 and 36.
4
What is the highest common divisor of 17 and 138992?
17
What is the highest common factor of 29856 and 5664?
96
What is the highest common factor of 8 and 43564?
4
Calculate the greatest common factor of 6 and 3136182.
6
What is the greatest common factor of 348185 and 13280?
415
Calculate the greatest common divisor of 275 and 91825.
25
Calculate the highest common divisor of 47943 and 6111.
63
Calculate the highest common factor of 521810 and 20.
10
Calculate the highest common factor of 684 and 2556.
36
What is the highest common divisor of 440 and 3697705?
55
Calculate the greatest common divisor of 6463 and 14893.
281
What is the highest common factor of 165410 and 19040?
1190
Calculate the greatest common factor of 77 and 5137.
11
Calculate the highest common factor of 8308 and 74.
2
What is the highest common factor of 1821329 and 119?
17
What is the greatest common divisor of 23622 and 3?
3
What is the highest common factor of 56 and 101416?
56
Calculate the greatest common divisor of 149198 and 2.
2
What is the greatest common divisor of 389241 and 90?
9
Calculate the greatest common divisor of 801 and 882524.
89
Calculate the highest common divisor of 986 and 1160.
58
Calculate the greatest common divisor of 5489 and 610776.
499
Calculate the highest common divisor of 110306 and 126.
14
Calculate the greatest common divisor of 65695 and 105.
35
What is the highest common divisor of 5728 and 21838?
358
What is the greatest common factor of 125762 and 1092?
182
Calculate the greatest common divisor of 356 and 884482.
178
What is the highest common divisor of 195440 and 1120?
560
What is the highest common divisor of 2665 and 151085?
205
What is the greatest common divisor of 1182078 and 459?
153
What is the highest common factor of 4763 and 2673?
11
What is the greatest common factor of 380 and 7570?
10
Calculate the highest common divisor of 9393 and 20274.
93
Calculate the greatest common factor of 6579 and 18207.
153
What is the greatest common factor of 336 and 38256?
48
Calculate the highest common factor of 204201 and 324.
81
What is the highest common factor of 94068 and 9916?
268
Calculate the greatest common factor of 2444 and 299.
13
What is the highest common divisor of 389223 and 1593?
531
What is the greatest common divisor of 1299 and 6?
3
What is the highest common divisor of 846921 and 6?
3
Calculate the greatest common divisor of 21 and 105903.
21
What is the greatest common factor of 684220 and 260?
20
Calculate the greatest common factor of 20142 and 14202.
54
Calculate the greatest common factor of 272 and 6105856.
272
Calculate the greatest common divisor of 994 and 1246.
14
Calculate the highest common divisor of 267300 and 44000.
1100
Calculate the highest common divisor of 29877 and 621.
69
Calculate the greatest common divisor of 104 and 16510.
26
Calculate the greatest common divisor of 40 and 145900.
20
What is the highest common factor of 205786 and 56?
14
What is the highest common factor of 170 and 13170?
10
Calculate the greatest common divisor of 72 and 79938.
18
Calculate the highest common factor of 324 and 8829.
81
What is the highest common factor of 14048 and 320?
32
What is the highest common factor of 1052 and 679066?
526
Calculate the highest common factor of 2653 and 28425.
379
Calculate the highest common divisor of 496 and 11842.
62
What is the greatest common divisor of 16920 and 870?
30
What is the highest common divisor of 43625 and 1396?
349
What is the greatest common factor of 1263725 and 40?
5
Calculate the greatest common divisor of 270 and 2280.
30
What is the greatest common factor of 36 and 134404?
4
Calculate the highest common factor of 209761 and 1128.
47
Calculate the greatest common factor of 48 and 48352.
16
Calculate the greatest common divisor of 171 and 130041.
9
Calculate the highest common divisor of 5805 and 2193.
129
What is the greatest common divisor of 105567 and 26565?
231
Calculate the highest common factor of 4 and 28520.
4
Calculate the greatest common divisor of 110 and 198649.
11
What is the greatest common factor of 7575 and 825?
75
What is the highest common factor of 943 and 7052?
41
What is the highest common factor of 2020 and 233815?
505
Calculate the highest common factor of 9986 and 202.
2
What is the highest common divisor of 86740 and 10?
10
What is the highest common factor of 18 and 1238238?
18
What is the highest common divisor of 1378850 and 25?
25
What is the greatest common factor of 128 and 9536?
64
Calculate the highest common divisor of 549 and 102834.
9
What is the greatest common factor of 307 and 2026507?
307
What is the greatest common divisor of 114025 and 100?
25
What is the greatest common factor of 3168 and 243144?
792
What is the highest common factor of 988232 and 4312?
392
Calculate the highest common divisor of 46 and 39951.
23
Calculate the highest common factor of 153 and 5661.
153
What is the highest common divisor of 161257 and 2209?
2209
What is the highest common divisor of 1608863 and 51?
17
Calculate the greatest common divisor of 4154 and 806.
62
What is the greatest common divisor of 798 and 6811?
7
What is the highest common factor of 24560 and 880?
80
Calculate the greatest common factor of 171 and 99.
9
Calculate the highest common divisor of 531838 and 8.
2
Calculate the highest common divisor of 7455 and 6825.
105
What is the highest common divisor of 1287647 and 31?
31
Calculate the greatest common divisor of 46 and 1038266.
46
Calculate the highest common divisor of 46 and 6188.
2
Calculate the greatest common factor of 25552 and 784.
16
Calculate the highest common factor of 210 and 13890.
30
Calculate the highest common divisor of 55 and 209055.
55
Calculate the greatest common divisor of 4090 and 10.
10
Calculate the greatest common factor of 1387 and 2897443.
1387
Calculate the greatest common factor of 14889 and 168.
21
What is the greatest common factor of 117